{"id":22,"date":"2025-01-29T07:22:21","date_gmt":"2025-01-29T07:22:21","guid":{"rendered":"https:\/\/www.cservis.eu\/?page_id=22"},"modified":"2025-03-12T09:15:15","modified_gmt":"2025-03-12T09:15:15","slug":"voip","status":"publish","type":"page","link":"https:\/\/www.cservis.eu\/?page_id=22","title":{"rendered":"VOIP"},"content":{"rendered":"\n<p><\/p>\n\n\n\n<figure class=\"wp-block-image size-full is-resized\"><img loading=\"lazy\" decoding=\"async\" width=\"862\" height=\"204\" src=\"https:\/\/www.cservis.eu\/wp-content\/uploads\/2025\/03\/slide2.jpg\" alt=\"\" class=\"wp-image-112\" style=\"width:1200px\" srcset=\"https:\/\/www.cservis.eu\/wp-content\/uploads\/2025\/03\/slide2.jpg 862w, https:\/\/www.cservis.eu\/wp-content\/uploads\/2025\/03\/slide2-300x71.jpg 300w, https:\/\/www.cservis.eu\/wp-content\/uploads\/2025\/03\/slide2-768x182.jpg 768w\" sizes=\"auto, (max-width: 862px) 100vw, 862px\" \/><\/figure>\n\n\n\n<h1 class=\"wp-block-heading\">VOIP &#8211; Voice over Internet Protocol &#8211; Telefonov\u00e1n\u00ed p\u0159es internet<\/h1>\n\n\n\n<p>&nbsp; VoIP (Voice over IP) je slu\u017eba p\u0159enosu hlasu po internetu, vych\u00e1zej\u00edc\u00ed z mo\u017enost\u00ed IP protokolu. Tato modern\u00ed technologie umo\u017e\u0148uje poskytovat hlasov\u00e9 slu\u017eby z\u00e1kazn\u00edk\u016fm bez pot\u0159eby budov\u00e1n\u00ed kabelov\u00fdch p\u0159\u00edpojek a t\u00edmto krokem tak velice sn\u00ed\u017eit n\u00e1klady spojen\u00e9 s budov\u00e1n\u00edm telefonn\u00edch linek. Ka\u017ed\u00e1 linka VoIP je identifikovan\u00e1 vlastn\u00edm telefonn\u00edm \u010d\u00edslem, podobn\u011b jak jste byli zvykl\u00ed doposud. T\u00edm p\u00e1dem je Va\u0161e linka snadno dosa\u017eiteln\u00e1 z jak\u00e9hokoliv jin\u00e9ho telefonn\u00edho p\u0159\u00edstroje, a\u0165 ji\u017e mobiln\u00edho nebo pevn\u00e9ho.<\/p>\n\n\n\n<p>Na po\u017e\u00e1d\u00e1n\u00ed V\u00e1m zdarma po p\u0159edlo\u017een\u00ed faktury od Va\u0161eho telefonn\u00edho oper\u00e1tora vypo\u010dteme \u00fasporu p\u0159i vyu\u017eit\u00ed na\u0161ich VoIP slu\u017eeb.<\/p>\n\n\n\n<h2 class=\"wp-block-heading\">V\u00fdhody VoIP telefonov\u00e1n\u00ed :<\/h2>\n\n\n\n<ul class=\"wp-block-list\">\n<li>spojen\u00ed prob\u00edh\u00e1 na internetov\u00e9 lince<\/li>\n\n\n\n<li>\u00faspora n\u00e1klad\u016f<\/li>\n\n\n\n<li>zachov\u00e1n\u00ed vysok\u00e9 kvality a komfortu vol\u00e1n\u00ed<\/li>\n\n\n\n<li>neust\u00e1l\u00fd dohled nad internetem i Va\u0161imi telefon\u00edmi linkami<\/li>\n\n\n\n<li>bezpe\u010dnost p\u0159en\u00e1\u0161en\u00fdch dat<\/li>\n\n\n\n<li>levn\u00e9 telefonov\u00e1n\u00ed po \u010cesk\u00e9 republice<\/li>\n\n\n\n<li>\u017e\u00e1dn\u00e9 pau\u0161\u00e1ly za veden\u00ed linky<\/li>\n<\/ul>\n\n\n\n<div class=\"wp-block-columns is-layout-flex wp-container-core-columns-is-layout-28f84493 wp-block-columns-is-layout-flex\">\n<div class=\"wp-block-column is-layout-flow wp-block-column-is-layout-flow\" style=\"flex-basis:100%\"><\/div>\n<\/div>\n\n\n<p><strong><a href=\"https:\/\/www.cservis.eu\/wp-content\/uploads\/2025\/03\/cenikvoip.pdf\">CEN\u00cdK VOIP VOL\u00c1N\u00cd KE STA\u017dEN\u00cd ZDE<\/a><br \/><br \/><a href=\"https:\/\/zakaznik.cservis.cz\/\">KLIENTSK\u00c1 SEKCE<\/a><\/strong><\/p>\n\n\n<p><\/p>\n\n\n\n<p><\/p>\n","protected":false},"excerpt":{"rendered":"<p>VOIP &#8211; Voice over Internet Protocol &#8211; Telefonov\u00e1n\u00ed p\u0159es internet &nbsp; VoIP (Voice over IP) je slu\u017eba p\u0159enosu hlasu po internetu, vych\u00e1zej\u00edc\u00ed z mo\u017enost\u00ed IP protokolu. Tato modern\u00ed technologie umo\u017e\u0148uje poskytovat hlasov\u00e9 slu\u017eby z\u00e1kazn\u00edk\u016fm bez pot\u0159eby budov\u00e1n\u00ed kabelov\u00fdch p\u0159\u00edpojek a t\u00edmto krokem tak velice sn\u00ed\u017eit n\u00e1klady spojen\u00e9 s budov\u00e1n\u00edm telefonn\u00edch linek. Ka\u017ed\u00e1 linka VoIP je [&hellip;]<\/p>\n","protected":false},"author":1,"featured_media":0,"parent":0,"menu_order":0,"comment_status":"closed","ping_status":"closed","template":"","meta":{"footnotes":""},"class_list":["post-22","page","type-page","status-publish","hentry"],"_links":{"self":[{"href":"https:\/\/www.cservis.eu\/index.php?rest_route=\/wp\/v2\/pages\/22","targetHints":{"allow":["GET"]}}],"collection":[{"href":"https:\/\/www.cservis.eu\/index.php?rest_route=\/wp\/v2\/pages"}],"about":[{"href":"https:\/\/www.cservis.eu\/index.php?rest_route=\/wp\/v2\/types\/page"}],"author":[{"embeddable":true,"href":"https:\/\/www.cservis.eu\/index.php?rest_route=\/wp\/v2\/users\/1"}],"replies":[{"embeddable":true,"href":"https:\/\/www.cservis.eu\/index.php?rest_route=%2Fwp%2Fv2%2Fcomments&post=22"}],"version-history":[{"count":12,"href":"https:\/\/www.cservis.eu\/index.php?rest_route=\/wp\/v2\/pages\/22\/revisions"}],"predecessor-version":[{"id":111,"href":"https:\/\/www.cservis.eu\/index.php?rest_route=\/wp\/v2\/pages\/22\/revisions\/111"}],"wp:attachment":[{"href":"https:\/\/www.cservis.eu\/index.php?rest_route=%2Fwp%2Fv2%2Fmedia&parent=22"}],"curies":[{"name":"wp","href":"https:\/\/api.w.org\/{rel}","templated":true}]}}